{"id":7,"date":"2010-07-16T14:47:38","date_gmt":"2010-07-16T14:47:38","guid":{"rendered":"http:\/\/www.gebzemoto.com\/Rapor\/?page_id=7"},"modified":"2022-11-09T20:49:07","modified_gmt":"2022-11-09T17:49:07","slug":"misyonumuz-kurallarimiz","status":"publish","type":"page","link":"https:\/\/gebzemoto.com\/blog\/misyonumuz-kurallarimiz\/","title":{"rendered":"Misyonumuz \/ Kurallar\u0131m\u0131z"},"content":{"rendered":"<h3 style=\"text-align: center;\"><span style=\"color: #000000;\">.:Gebze Motosiklet Kul\u00fcb\u00fc Derne\u011fi:.<\/span><\/h3>\n<h3 style=\"text-align: center;\"><span style=\"color: #000000;\">Misyonumuz , Kurallar\u0131m\u0131z, Cevaplar\u0131m\u0131z<\/span><\/h3>\n<h1><span style=\"color: #666699;\">Misyonumuz;<\/span><\/h1>\n<div id=\"_mcePaste\"><strong>\u00d6zg\u00fcrl\u00fc\u011f\u00fcne d\u00fc\u015fk\u00fcn gezmeyi ve yeni yerler ke\u015ffetmeyi seven, daima tam koruma ile yola \u00e7\u0131kan,<\/strong><\/div>\n<div id=\"_mcePaste\"><strong>g\u00fcvenli s\u00fcr\u00fc\u015f tekniklerine uyan, sevgi-sayg\u0131 \u00e7er\u00e7evesini a\u015fmayan arkada\u015flardan olu\u015fan Gebze Motosiklet Kul\u00fcb\u00fc&#8217;n\u00fcn amac\u0131;<\/strong><\/div>\n<div><strong>\u00a0<\/strong><\/div>\n<div id=\"_mcePaste\"><strong>Gebze ve \u00c7evresinde ya\u015fayan bizimle ayn\u0131 felsefede olan motorlu, motorsuz herkesi zaman zaman Toplant\u0131lar, Geziler d\u00fczenleyerek zaman zaman e\u011fitimler, seminerler organize ederek belirli bir e\u011fitim ve k\u00fclt\u00fcr seviyesinde bulu\u015fturmak, kayna\u015ft\u0131rmakt\u0131r.<\/strong><\/div>\n<div><strong>\u00a0<\/strong><\/div>\n<div id=\"_mcePaste\"><strong>ikincil amac\u0131m\u0131z ise; <\/strong><\/div>\n<div><strong>Ula\u015fabildi\u011fimiz kadar \u00e7ok ki\u015fiye ula\u015f\u0131p onlara motosiklet k\u00fclt\u00fcr\u00fcn\u00fc anlatmak ve bizleri anlamalar\u0131na yard\u0131mc\u0131 olmakt\u0131r.<\/strong><\/div>\n<div><strong>\u00a0<\/strong><\/div>\n<h1><span style=\"color: #666699;\">Kurallar\u0131m\u0131z;<\/span><\/h1>\n<div id=\"_mcePaste\"><strong>Bizler Gebze Motosiklet Kul\u00fcb\u00fc \u00fcyeleri olarak \u00f6rnek olmal\u0131y\u0131z bu sebepten Kul\u00fcb\u00fcm\u00fcze kat\u0131lmak istiyorsan\u0131z a\u015fa\u011f\u0131daki maddeleri okumu\u015f, benimsemi\u015f , kabul etmi\u015f ve uyguluyor olman\u0131z gerekmektedir.<\/strong><\/div>\n<div><strong>\u00a0<\/strong><\/div>\n<h2><strong><span style=\"color: #ff0000;\">1. Motor kullan\u0131rken mutlaka b\u00fct\u00fcn korumalar giyilmeli, \u00d6zellikle s\u00fcr\u00fc\u015f esnas\u0131nda <span style=\"text-decoration: underline;\">ASLA Kasks\u0131z binilmemeli<\/span> ve t\u00fcm evraklar eksiksiz olmal\u0131d\u0131r.<br \/>\n<\/span><\/strong><\/h2>\n<p><strong><span style=\"color: #ff0000;\">2. Gebze Motosiklet Kul\u00fcb\u00fc s\u00fcr\u00fc\u015flerinde asla yar\u0131\u015f yap\u0131lmamaktad\u0131r.<br \/>\n<\/span><\/strong><\/p>\n<p><strong><span style=\"color: #ff0000;\">3. K\u00fc\u00e7\u00fck d\u00fc\u015f\u00fcr\u00fcc\u00fc \u015fakalar, ki\u015filik haklar\u0131na ayk\u0131r\u0131 ,gurubun b\u00fct\u00fcnl\u00fc\u011f\u00fcn\u00fc bozacak, s\u0131n\u0131fland\u0131rmaya ve k\u0131\u015fk\u0131rt\u0131c\u0131 davran\u0131\u015flarda bulunulmamal\u0131d\u0131r.<br \/>\n<\/span><\/strong><\/p>\n<p><strong><span style=\"color: #ff0000;\">4. Kul\u00fcb\u00fcm\u00fczde kimse kimseden \u00fcst\u00fcn de\u011fildir, ancak sa\u011fl\u0131kl\u0131 bir y\u00f6netim i\u00e7in sorumlu arkada\u015flar\u0131n (Ba\u015fkan veya Y\u00f6neticilere veya onlar\u0131n belirledi\u011fi ki\u015filerin) tavsiye, istek ve y\u00f6nlendirmelerine uyulmas\u0131 gerekmektedir. Organizasyon ve S\u00fcr\u00fc\u015flere kat\u0131lm\u0131\u015f iseniz bireysel de\u011fil GMK olarak hareket edildi\u011fini kabul etmi\u015fsiniz demektir.<br \/>\n<\/span><\/strong><\/p>\n<p><strong><span style=\"color: #ff0000;\">5. Herkes kendinden sorumludur, yukar\u0131daki \u015fartlara uygun , ba\u015fkas\u0131na zarar vermeden, yasalara , ahlaki kurallara ve GMK kurallar\u0131na uygun bir \u015fekilde herkes e\u011flenebilir veya ibadetini yapabilir.<br \/>\n<\/span><\/strong><\/p>\n<p><strong><span style=\"color: #ff0000;\">6. E\u011fer Facebook Gurubuna kat\u0131lm\u0131\u015f, Siteye \u00fcye olmu\u015f veya oranizasyonumuza gelmi\u015fseniz yukar\u0131da okudu\u011funuz \u015fartlar\u0131 sa\u011flamay\u0131 kabul etmi\u015fsiniz demektir.<br \/>\n<\/span><\/strong><\/p>\n<p><span style=\"color: #ff0000;\"><strong>7. E\u011fer Gebze Motosiklet Kul\u00fcb\u00fc \u00fcyesi iseniz motosikletinizi kullan\u0131rken \u00e7evreyi rahats\u0131z edici, tehlikeye at\u0131c\u0131 davran\u0131\u015flardan ka\u00e7\u0131nmal\u0131, toplum i\u00e7inde ahlaki kurallar \u00e7er\u00e7evesini a\u015fmamal\u0131s\u0131n\u0131z.<\/strong><\/span>Yukar\u0131daki maddeleri <strong>benimseyip uygulayacaksan\u0131z sizide aram\u0131zda g\u00f6rmekten onur duyar\u0131z..<\/strong><\/p>\n<div><strong>\u00a0<\/strong><\/div>\n<h1><span style=\"color: #993300;\">S\u0131k Sorulanlar ??<\/span><\/h1>\n<p><span style=\"color: #993300;\">\u00a0<\/span><\/p>\n<h4><span style=\"color: #800080;\">Motorum olmas\u0131 \u015eartm\u0131?<\/span><\/h4>\n<div id=\"_mcePaste\"><strong>Motorun olmas\u0131 \u015fart de\u011fil.. Motorcu Ruhuna sahip olman ve Gebze Motosiklet Kul\u00fcb\u00fc felsefesinde olman yeterli..<\/strong><\/div>\n<div><strong>\u00a0<\/strong><\/div>\n<h2><span style=\"color: #800080;\">Kimler Kat\u0131labilir?<\/span><\/h2>\n<div id=\"_mcePaste\"><strong>Herkes..<\/strong><\/div>\n<div><strong>\u00a0<\/strong><\/div>\n<h2><span style=\"color: #800080;\">Neler Yap\u0131yorsunuz?<\/span><\/h2>\n<div id=\"_mcePaste\"><strong>Toplant\u0131lar, Geziler d\u00fczenliyoruz. Bilgi payla\u015f\u0131m\u0131nda bulunuyor E\u011fitimler, Seminerler organize ediyoruz.<\/strong><\/div>\n<div><strong>\u00a0<\/strong><\/div>\n<h2><span style=\"color: #800080;\">Y\u00f6netimdekilere ne zaman ve nas\u0131l ula\u015f\u0131r\u0131m?<\/span><\/h2>\n<div id=\"_mcePaste\"><strong>Her zaman BURAYI t\u0131klayarak ula\u015fabilir, sorular\u0131n\u0131z\u0131 \u00e7ekinmeden sorabilirsiniz.<\/strong><\/div>\n<div><strong>\u00a0<\/strong><\/div>\n<h2><span style=\"color: #800080;\">Herhangi bir \u00fccret \u00f6deyecekmiyim?<\/span><\/h2>\n<div id=\"_mcePaste\"><strong>HAYIR. Yedi\u011finiz i\u00e7ti\u011finiz vede benzin masraf\u0131n\u0131z size ait tabi \ud83d\ude42<\/strong><\/div>\n","protected":false},"excerpt":{"rendered":"<p>.:Gebze Motosiklet Kul\u00fcb\u00fc Derne\u011fi:. Misyonumuz , Kurallar\u0131m\u0131z, Cevaplar\u0131m\u0131z Misyonumuz; \u00d6zg\u00fcrl\u00fc\u011f\u00fcne d\u00fc\u015fk\u00fcn gezmeyi ve yeni yerler ke\u015ffetmeyi seven, daima tam koruma ile yola \u00e7\u0131kan, g\u00fcvenli s\u00fcr\u00fc\u015f &hellip;<\/p>\n","protected":false},"author":1,"featured_media":0,"parent":0,"menu_order":2,"comment_status":"closed","ping_status":"closed","template":"","meta":{"footnotes":""},"class_list":["post-7","page","type-page","status-publish","hentry"],"yoast_head":"<!-- This site is optimized with the Yoast SEO plugin v26.9 - https:\/\/yoast.com\/product\/yoast-seo-wordpress\/ -->\n<title>Misyonumuz \/ Kurallar\u0131m\u0131z - Gebze Motosiklet Kul\u00fcb\u00fc<\/title>\n<meta name=\"robots\" content=\"index, follow, max-snippet:-1, max-image-preview:large, max-video-preview:-1\" \/>\n<link rel=\"canonical\" href=\"https:\/\/gebzemoto.com\/blog\/misyonumuz-kurallarimiz\/\" \/>\n<meta property=\"og:locale\" content=\"tr_TR\" \/>\n<meta property=\"og:type\" content=\"article\" \/>\n<meta property=\"og:title\" content=\"Misyonumuz \/ Kurallar\u0131m\u0131z - Gebze Motosiklet Kul\u00fcb\u00fc\" \/>\n<meta property=\"og:description\" content=\".:Gebze Motosiklet Kul\u00fcb\u00fc Derne\u011fi:. Misyonumuz , Kurallar\u0131m\u0131z, Cevaplar\u0131m\u0131z Misyonumuz; \u00d6zg\u00fcrl\u00fc\u011f\u00fcne d\u00fc\u015fk\u00fcn gezmeyi ve yeni yerler ke\u015ffetmeyi seven, daima tam koruma ile yola \u00e7\u0131kan, g\u00fcvenli s\u00fcr\u00fc\u015f &hellip;\" \/>\n<meta property=\"og:url\" content=\"https:\/\/gebzemoto.com\/blog\/misyonumuz-kurallarimiz\/\" \/>\n<meta property=\"og:site_name\" content=\"Gebze Motosiklet Kul\u00fcb\u00fc\" \/>\n<meta property=\"article:publisher\" content=\"https:\/\/www.facebook.com\/GebzeMoto\/\" \/>\n<meta property=\"article:modified_time\" content=\"2022-11-09T17:49:07+00:00\" \/>\n<meta name=\"twitter:card\" content=\"summary_large_image\" \/>\n<meta name=\"twitter:site\" content=\"@GebzeMoto\" \/>\n<meta name=\"twitter:label1\" content=\"Tahmini okuma s\u00fcresi\" \/>\n\t<meta name=\"twitter:data1\" content=\"2 dakika\" \/>\n<script type=\"application\/ld+json\" class=\"yoast-schema-graph\">{\"@context\":\"https:\/\/schema.org\",\"@graph\":[{\"@type\":\"WebPage\",\"@id\":\"https:\/\/gebzemoto.com\/blog\/misyonumuz-kurallarimiz\/\",\"url\":\"https:\/\/gebzemoto.com\/blog\/misyonumuz-kurallarimiz\/\",\"name\":\"Misyonumuz \/ Kurallar\u0131m\u0131z - Gebze Motosiklet Kul\u00fcb\u00fc\",\"isPartOf\":{\"@id\":\"https:\/\/gebzemoto.com\/blog\/#website\"},\"datePublished\":\"2010-07-16T14:47:38+00:00\",\"dateModified\":\"2022-11-09T17:49:07+00:00\",\"breadcrumb\":{\"@id\":\"https:\/\/gebzemoto.com\/blog\/misyonumuz-kurallarimiz\/#breadcrumb\"},\"inLanguage\":\"tr\",\"potentialAction\":[{\"@type\":\"ReadAction\",\"target\":[\"https:\/\/gebzemoto.com\/blog\/misyonumuz-kurallarimiz\/\"]}]},{\"@type\":\"BreadcrumbList\",\"@id\":\"https:\/\/gebzemoto.com\/blog\/misyonumuz-kurallarimiz\/#breadcrumb\",\"itemListElement\":[{\"@type\":\"ListItem\",\"position\":1,\"name\":\"Anasayfa\",\"item\":\"https:\/\/gebzemoto.com\/blog\/\"},{\"@type\":\"ListItem\",\"position\":2,\"name\":\"Misyonumuz \/ Kurallar\u0131m\u0131z\"}]},{\"@type\":\"WebSite\",\"@id\":\"https:\/\/gebzemoto.com\/blog\/#website\",\"url\":\"https:\/\/gebzemoto.com\/blog\/\",\"name\":\"Gebze Motosiklet Kul\u00fcb\u00fc\",\"description\":\"Yolumuz uzun...\",\"publisher\":{\"@id\":\"https:\/\/gebzemoto.com\/blog\/#organization\"},\"potentialAction\":[{\"@type\":\"SearchAction\",\"target\":{\"@type\":\"EntryPoint\",\"urlTemplate\":\"https:\/\/gebzemoto.com\/blog\/?s={search_term_string}\"},\"query-input\":{\"@type\":\"PropertyValueSpecification\",\"valueRequired\":true,\"valueName\":\"search_term_string\"}}],\"inLanguage\":\"tr\"},{\"@type\":\"Organization\",\"@id\":\"https:\/\/gebzemoto.com\/blog\/#organization\",\"name\":\"Gebze Motosiklet Kul\u00fcb\u00fc\",\"url\":\"https:\/\/gebzemoto.com\/blog\/\",\"logo\":{\"@type\":\"ImageObject\",\"inLanguage\":\"tr\",\"@id\":\"https:\/\/gebzemoto.com\/blog\/#\/schema\/logo\/image\/\",\"url\":\"https:\/\/gebzemoto.com\/blog\/wp-content\/uploads\/2022\/11\/250xgmk.png\",\"contentUrl\":\"https:\/\/gebzemoto.com\/blog\/wp-content\/uploads\/2022\/11\/250xgmk.png\",\"width\":250,\"height\":252,\"caption\":\"Gebze Motosiklet Kul\u00fcb\u00fc\"},\"image\":{\"@id\":\"https:\/\/gebzemoto.com\/blog\/#\/schema\/logo\/image\/\"},\"sameAs\":[\"https:\/\/www.facebook.com\/GebzeMoto\/\",\"https:\/\/x.com\/GebzeMoto\"]}]}<\/script>\n<!-- \/ Yoast SEO plugin. -->","yoast_head_json":{"title":"Misyonumuz \/ Kurallar\u0131m\u0131z - Gebze Motosiklet Kul\u00fcb\u00fc","robots":{"index":"index","follow":"follow","max-snippet":"max-snippet:-1","max-image-preview":"max-image-preview:large","max-video-preview":"max-video-preview:-1"},"canonical":"https:\/\/gebzemoto.com\/blog\/misyonumuz-kurallarimiz\/","og_locale":"tr_TR","og_type":"article","og_title":"Misyonumuz \/ Kurallar\u0131m\u0131z - Gebze Motosiklet Kul\u00fcb\u00fc","og_description":".:Gebze Motosiklet Kul\u00fcb\u00fc Derne\u011fi:. Misyonumuz , Kurallar\u0131m\u0131z, Cevaplar\u0131m\u0131z Misyonumuz; \u00d6zg\u00fcrl\u00fc\u011f\u00fcne d\u00fc\u015fk\u00fcn gezmeyi ve yeni yerler ke\u015ffetmeyi seven, daima tam koruma ile yola \u00e7\u0131kan, g\u00fcvenli s\u00fcr\u00fc\u015f &hellip;","og_url":"https:\/\/gebzemoto.com\/blog\/misyonumuz-kurallarimiz\/","og_site_name":"Gebze Motosiklet Kul\u00fcb\u00fc","article_publisher":"https:\/\/www.facebook.com\/GebzeMoto\/","article_modified_time":"2022-11-09T17:49:07+00:00","twitter_card":"summary_large_image","twitter_site":"@GebzeMoto","twitter_misc":{"Tahmini okuma s\u00fcresi":"2 dakika"},"schema":{"@context":"https:\/\/schema.org","@graph":[{"@type":"WebPage","@id":"https:\/\/gebzemoto.com\/blog\/misyonumuz-kurallarimiz\/","url":"https:\/\/gebzemoto.com\/blog\/misyonumuz-kurallarimiz\/","name":"Misyonumuz \/ Kurallar\u0131m\u0131z - Gebze Motosiklet Kul\u00fcb\u00fc","isPartOf":{"@id":"https:\/\/gebzemoto.com\/blog\/#website"},"datePublished":"2010-07-16T14:47:38+00:00","dateModified":"2022-11-09T17:49:07+00:00","breadcrumb":{"@id":"https:\/\/gebzemoto.com\/blog\/misyonumuz-kurallarimiz\/#breadcrumb"},"inLanguage":"tr","potentialAction":[{"@type":"ReadAction","target":["https:\/\/gebzemoto.com\/blog\/misyonumuz-kurallarimiz\/"]}]},{"@type":"BreadcrumbList","@id":"https:\/\/gebzemoto.com\/blog\/misyonumuz-kurallarimiz\/#breadcrumb","itemListElement":[{"@type":"ListItem","position":1,"name":"Anasayfa","item":"https:\/\/gebzemoto.com\/blog\/"},{"@type":"ListItem","position":2,"name":"Misyonumuz \/ Kurallar\u0131m\u0131z"}]},{"@type":"WebSite","@id":"https:\/\/gebzemoto.com\/blog\/#website","url":"https:\/\/gebzemoto.com\/blog\/","name":"Gebze Motosiklet Kul\u00fcb\u00fc","description":"Yolumuz uzun...","publisher":{"@id":"https:\/\/gebzemoto.com\/blog\/#organization"},"potentialAction":[{"@type":"SearchAction","target":{"@type":"EntryPoint","urlTemplate":"https:\/\/gebzemoto.com\/blog\/?s={search_term_string}"},"query-input":{"@type":"PropertyValueSpecification","valueRequired":true,"valueName":"search_term_string"}}],"inLanguage":"tr"},{"@type":"Organization","@id":"https:\/\/gebzemoto.com\/blog\/#organization","name":"Gebze Motosiklet Kul\u00fcb\u00fc","url":"https:\/\/gebzemoto.com\/blog\/","logo":{"@type":"ImageObject","inLanguage":"tr","@id":"https:\/\/gebzemoto.com\/blog\/#\/schema\/logo\/image\/","url":"https:\/\/gebzemoto.com\/blog\/wp-content\/uploads\/2022\/11\/250xgmk.png","contentUrl":"https:\/\/gebzemoto.com\/blog\/wp-content\/uploads\/2022\/11\/250xgmk.png","width":250,"height":252,"caption":"Gebze Motosiklet Kul\u00fcb\u00fc"},"image":{"@id":"https:\/\/gebzemoto.com\/blog\/#\/schema\/logo\/image\/"},"sameAs":["https:\/\/www.facebook.com\/GebzeMoto\/","https:\/\/x.com\/GebzeMoto"]}]}},"_links":{"self":[{"href":"https:\/\/gebzemoto.com\/blog\/wp-json\/wp\/v2\/pages\/7","targetHints":{"allow":["GET"]}}],"collection":[{"href":"https:\/\/gebzemoto.com\/blog\/wp-json\/wp\/v2\/pages"}],"about":[{"href":"https:\/\/gebzemoto.com\/blog\/wp-json\/wp\/v2\/types\/page"}],"author":[{"embeddable":true,"href":"https:\/\/gebzemoto.com\/blog\/wp-json\/wp\/v2\/users\/1"}],"replies":[{"embeddable":true,"href":"https:\/\/gebzemoto.com\/blog\/wp-json\/wp\/v2\/comments?post=7"}],"version-history":[{"count":11,"href":"https:\/\/gebzemoto.com\/blog\/wp-json\/wp\/v2\/pages\/7\/revisions"}],"predecessor-version":[{"id":6876,"href":"https:\/\/gebzemoto.com\/blog\/wp-json\/wp\/v2\/pages\/7\/revisions\/6876"}],"wp:attachment":[{"href":"https:\/\/gebzemoto.com\/blog\/wp-json\/wp\/v2\/media?parent=7"}],"curies":[{"name":"wp","href":"https:\/\/api.w.org\/{rel}","templated":true}]}}